{"id":3884,"date":"2022-01-21T16:20:10","date_gmt":"2022-01-21T15:20:10","guid":{"rendered":"https:\/\/brandan.ch\/wordpress\/?page_id=3884"},"modified":"2024-07-13T18:45:19","modified_gmt":"2024-07-13T16:45:19","slug":"workshop-schamanen","status":"publish","type":"page","link":"https:\/\/brandan.ch\/wordpress\/?page_id=3884","title":{"rendered":"Workshop Schamanen"},"content":{"rendered":"<h1><img loading=\"lazy\" decoding=\"async\" class=\"alignleft\" src=\"https:\/\/brandan.ch\/bilder\/bild_schamanen_1.jpg\" width=\"290\" height=\"179\" \/>Die Ph\u00f6nix-Schamanen \u2013 Naturkommunikation<\/h1>\n<p>&nbsp;<\/p>\n<p>Ph\u00f6nixe haben eine tiefe Liebe zur Erde. Ihre Verbundenheit zu ihr erm\u00f6glicht eine tiefe Kommuniketion mit verschiedenen Pflanzen, Naturwesen und bestehenden und erwachenden Kraftpl\u00e4tzen.<\/p>\n<p>&nbsp;<\/p>\n<p>In allen Menschen schlummern Kommunikationskan\u00e4le zur Natur, die es erm\u00f6glichen, mit der Natur und der Erde auf einer neuen inneren Ebene wie mit Menschen zu kommunizieren. Oft sind diese Kan\u00e4le eingeschlafen und funktionieren nicht mehr richtig.<\/p>\n<p>Die Kraft der Ph\u00f6nixe hilft, diese Kan\u00e4le zu \u00f6ffnen, so dass das Wahrnehmen der Natur und ihren Wesen und die Verbindung zu ihnen tiefer wird. Viele Esswaren k\u00f6nnen damit gereinigt werden, neue Kratpl\u00e4tze k\u00f6nnen einfacher erkannt und genossen werden oder die Kommunikation zu den uns umgebenden Wesen und der Erde kann vereinfacht werden.<\/p>\n<p>&nbsp;<\/p>\n<h4>Der innere Kontakt zur Natur &#8211; Die Wunder der Natur neu entdecken<\/h4>\n<p>&nbsp;<\/p>\n<p><img loading=\"lazy\" decoding=\"async\" class=\"size-full alignright\" src=\"https:\/\/kt.brandan.ch\/wp-content\/uploads\/2023\/05\/bild_wald_1-300x225.jpg\" width=\"300\" height=\"225\" \/>Kennst Du auch das Gef\u00fchl, dass Du in der Natur sitzt und<\/p>\n<p>&nbsp;<\/p>\n<ul>\n<li>jedes einzelne Blatte, jedes Tier, jeden Stein und den Ortes sp\u00fcrst und wahrnehmen kannst<\/li>\n<li>Hunderte von Wesen um Dich herum wahrnimmst und mit ihnen kommunizieren und sie verstehen kannst<\/li>\n<li>sp\u00fcren kannst wie der Puls der Erde schl\u00e4gt, die Erde mit dem Universum verbunden ist und die ganze Erde ein Abbild des Universums ist<\/li>\n<li>es keine Grenzen mehr gibt<\/li>\n<\/ul>\n<p>&nbsp;<\/p>\n<p>Seitdem ich \u00fcber den Frieden diese Verbundenheit in mir gefunden habe bin ich nie mehr allein. Es gibt Hunderte von Wesen die mich begleiten, mir mit Ratschl\u00e4gen und Hinweisen auf liebevolle Art und Weise zur Seite stehen, mich schulen, Neues zeigen und lehren. Sie verbinden mich mit der Kraft, Stabilit\u00e4t und Entwicklung der Erde, so dass Visionen und Impulse f\u00fcr die Zukunft entstehen.<\/p>\n<p>&nbsp;<\/p>\n<p>Die verschiedenen Kommunikationskan\u00e4le, die es erm\u00f6glichen mit der Natur auszutauschen, sind bei jedem vorhanden. Sie sind vergleichbar mit Telefonleitungen zu den einzelnen Naturwelten und erm\u00f6glichen die austauschende Kommunikation mit der Natur.<\/p>\n<p>&nbsp;<\/p>\n<p>Manchmal ist die Benutzung der Kommunikationskan\u00e4le in Vergessenheit geraten. Der Kristall-Schamanismus hilft dabei,\u00a0 diese Kommunikations kan\u00e4le zu \u00f6ffnen so dass sie selbst\u00e4ndig mit den verschiedenen Naturwelten kommunizieren k\u00f6nnen.<\/p>\n<p>&nbsp;<\/p>\n<p>Diese Verbundenheit kann ich im Alltag integrieren, sei es<\/p>\n<p>&nbsp;<\/p>\n<ul>\n<li>beim Einkauf von Gem\u00fcse und Fr\u00fcchten, die mir sagen welche Sorten ich essen darf und so auch eine energetisch, individuelle nahrhafte Mahlzeit entsteht<\/li>\n<li>ich beim Kochen Fr\u00fcchte und Gem\u00fcse von ihren \u00c4ngsten aus Massenanbau, Ernte, Transport uvm reinigen kann und so die innere Kraft der Mahlzeit verst\u00e4rken kann<\/li>\n<li>Kauf von Blumen f\u00fcr die Bepflanzung von G\u00e4rten und Balkonen, so dass ind er Wohnung die innere Kraft gest\u00e4rkt wird<\/li>\n<li>Die Tr\u00e4ume und Visionen von Orten wahrnehmen kann und so Mensch und Natur in einer Ganzheit beraten kann<\/li>\n<li>Entstehende Kraftpl\u00e4tze, die die Menschen f\u00fcr die Zukunft unterst\u00fctzen, wahrnehmen kann<\/li>\n<li>und viele mehr<\/li>\n<\/ul>\n<h1 style=\"text-align: center;\"><\/h1>\n<p>&nbsp;<\/p>\n","protected":false},"excerpt":{"rendered":"<p>Die Ph\u00f6nix-Schamanen \u2013 Naturkommunikation &nbsp; Ph\u00f6nixe haben eine tiefe Liebe zur Erde. Ihre Verbundenheit zu ihr erm\u00f6glicht eine tiefe Kommuniketion mit verschiedenen Pflanzen, Naturwesen und bestehenden und erwachenden Kraftpl\u00e4tzen. &nbsp; In allen Menschen schlummern Kommunikationskan\u00e4le zur Natur, die es erm\u00f6glichen, mit der Natur und der Erde auf einer neuen inneren\u2026<\/p>\n<p class=\"continue-reading-button\"> <a class=\"continue-reading-link\" href=\"https:\/\/brandan.ch\/wordpress\/?page_id=3884\">Weiter lesen<i class=\"crycon-right-dir\"><\/i><\/a><\/p>\n","protected":false},"author":1,"featured_media":0,"parent":3781,"menu_order":0,"comment_status":"closed","ping_status":"closed","template":"","meta":{"footnotes":""},"class_list":["post-3884","page","type-page","status-publish","hentry"],"_links":{"self":[{"href":"https:\/\/brandan.ch\/wordpress\/index.php?rest_route=\/wp\/v2\/pages\/3884","targetHints":{"allow":["GET"]}}],"collection":[{"href":"https:\/\/brandan.ch\/wordpress\/index.php?rest_route=\/wp\/v2\/pages"}],"about":[{"href":"https:\/\/brandan.ch\/wordpress\/index.php?rest_route=\/wp\/v2\/types\/page"}],"author":[{"embeddable":true,"href":"https:\/\/brandan.ch\/wordpress\/index.php?rest_route=\/wp\/v2\/users\/1"}],"replies":[{"embeddable":true,"href":"https:\/\/brandan.ch\/wordpress\/index.php?rest_route=%2Fwp%2Fv2%2Fcomments&post=3884"}],"version-history":[{"count":11,"href":"https:\/\/brandan.ch\/wordpress\/index.php?rest_route=\/wp\/v2\/pages\/3884\/revisions"}],"predecessor-version":[{"id":4424,"href":"https:\/\/brandan.ch\/wordpress\/index.php?rest_route=\/wp\/v2\/pages\/3884\/revisions\/4424"}],"up":[{"embeddable":true,"href":"https:\/\/brandan.ch\/wordpress\/index.php?rest_route=\/wp\/v2\/pages\/3781"}],"wp:attachment":[{"href":"https:\/\/brandan.ch\/wordpress\/index.php?rest_route=%2Fwp%2Fv2%2Fmedia&parent=3884"}],"curies":[{"name":"wp","href":"https:\/\/api.w.org\/{rel}","templated":true}]}}