{"id":4238,"date":"2023-05-19T16:15:09","date_gmt":"2023-05-19T14:15:09","guid":{"rendered":"https:\/\/brandan.ch\/wordpress\/?page_id=4238"},"modified":"2023-05-30T06:51:37","modified_gmt":"2023-05-30T04:51:37","slug":"spiel-seelenblitz","status":"publish","type":"page","link":"https:\/\/brandan.ch\/wordpress\/?page_id=4238","title":{"rendered":"Spiel Seelenblitz"},"content":{"rendered":"<h1><img loading=\"lazy\" decoding=\"async\" class=\"alignleft\" src=\"https:\/\/brandan.ch\/sarbra\/slider\/sb_slider_spiel_start.png\" width=\"216\" height=\"132\" \/>\u201cSeelenblitz\u201d<\/h1>\n<h1>Ein Abenteuerspiel zu Gef\u00fchl und Seele<\/h1>\n<p>&nbsp;<\/p>\n<p>.<\/p>\n<p>&nbsp;<\/p>\n<p>\u201cSeelenblitz\u201d ist ein Brett- und Kartenspiel f\u00fcr Paare, Familien und Gruppen. Es regt dazu an, sich in unterschiedlichen Lebensbereichen besser kennenzulernen. Mithilfe von spannenden Fragekarten w\u00e4hlst Du den Mitspieler, der Dir eine Antwort schenken darf. Dabei wird jeder Einzelne in seiner Wahrnehmung herausgefordert und es k\u00f6nnen durchaus neue (Selbst)Erkenntnisse entstehen. Die Fragen k\u00f6nnen bei jedem Spiel eine neue Bedeutung erhalten und Tiefe kann neu erlebt werden.<\/p>\n<p>&nbsp;<\/p>\n<p>Das Spiel kann f\u00fcr viele spannende und freudige Kennen-Lern-Aktionen eingesetzt werden. Durch verschiedene Spielm\u00f6glichkeiten entstand ein Generationen-\u00fcbergreifender Ansatz, so dass es von vielerlei Gruppen gespielt werden kann.<\/p>\n<p>&nbsp;<\/p>\n<p><a href=\"https:\/\/vm.tiktok.com\/ZGJxYgkBe\/?t=1\" target=\"_blank\" rel=\"noopener\">Ein paar Worte zum Spiel<\/a><\/p>\n<p><a href=\"https:\/\/shop.brandan.ch\/index.php\/produkt\/spiel-das-spiel-der-liebe\/\" target=\"_blank\" rel=\"noopener\">Hier geht es zur Bestellung der Spielkarten<\/a><\/p>\n","protected":false},"excerpt":{"rendered":"<p>\u201cSeelenblitz\u201d Ein Abenteuerspiel zu Gef\u00fchl und Seele &nbsp; . &nbsp; \u201cSeelenblitz\u201d ist ein Brett- und Kartenspiel f\u00fcr Paare, Familien und Gruppen. Es regt dazu an, sich in unterschiedlichen Lebensbereichen besser kennenzulernen. Mithilfe von spannenden Fragekarten w\u00e4hlst Du den Mitspieler, der Dir eine Antwort schenken darf. Dabei wird jeder Einzelne in\u2026<\/p>\n<p class=\"continue-reading-button\"> <a class=\"continue-reading-link\" href=\"https:\/\/brandan.ch\/wordpress\/?page_id=4238\">Weiter lesen<i class=\"crycon-right-dir\"><\/i><\/a><\/p>\n","protected":false},"author":1,"featured_media":0,"parent":0,"menu_order":0,"comment_status":"closed","ping_status":"closed","template":"","meta":{"footnotes":""},"class_list":["post-4238","page","type-page","status-publish","hentry"],"_links":{"self":[{"href":"https:\/\/brandan.ch\/wordpress\/index.php?rest_route=\/wp\/v2\/pages\/4238","targetHints":{"allow":["GET"]}}],"collection":[{"href":"https:\/\/brandan.ch\/wordpress\/index.php?rest_route=\/wp\/v2\/pages"}],"about":[{"href":"https:\/\/brandan.ch\/wordpress\/index.php?rest_route=\/wp\/v2\/types\/page"}],"author":[{"embeddable":true,"href":"https:\/\/brandan.ch\/wordpress\/index.php?rest_route=\/wp\/v2\/users\/1"}],"replies":[{"embeddable":true,"href":"https:\/\/brandan.ch\/wordpress\/index.php?rest_route=%2Fwp%2Fv2%2Fcomments&post=4238"}],"version-history":[{"count":2,"href":"https:\/\/brandan.ch\/wordpress\/index.php?rest_route=\/wp\/v2\/pages\/4238\/revisions"}],"predecessor-version":[{"id":4242,"href":"https:\/\/brandan.ch\/wordpress\/index.php?rest_route=\/wp\/v2\/pages\/4238\/revisions\/4242"}],"wp:attachment":[{"href":"https:\/\/brandan.ch\/wordpress\/index.php?rest_route=%2Fwp%2Fv2%2Fmedia&parent=4238"}],"curies":[{"name":"wp","href":"https:\/\/api.w.org\/{rel}","templated":true}]}}