{"id":4403,"date":"2024-07-13T18:24:04","date_gmt":"2024-07-13T16:24:04","guid":{"rendered":"https:\/\/brandan.ch\/wordpress\/?page_id=4403"},"modified":"2025-02-14T08:59:56","modified_gmt":"2025-02-14T07:59:56","slug":"workshop-phoenix-coaches","status":"publish","type":"page","link":"https:\/\/brandan.ch\/wordpress\/?page_id=4403","title":{"rendered":"Workshop Ph\u00f6nix Coaches"},"content":{"rendered":"<h1><img loading=\"lazy\" decoding=\"async\" class=\"alignleft\" src=\"https:\/\/brandan.ch\/logos\/logo_coaches.png\" width=\"163\" height=\"162\" \/>Die Ph\u00f6nix Coaches &#8211; Das Wissen im Kristall-Herz<\/h1>\n<p>&nbsp;<\/p>\n<p>Hast Du den Wunsch andere Menschen in ihrer Pers\u00f6nlichkeit und ihrem Sein zu unterst\u00fctzen ?<\/p>\n<p>Im Workshop lernst Du viele M\u00f6glichkeiten diesen Wunsch im Alltag zu leben.<\/p>\n<p>&nbsp;<\/p>\n<p>Die Ph\u00f6nix Coaches tragen ein tiefes heilerisches Wissen in sich. Dieses Wissen hilft dabei, Anderen innere Wege in neue Perspektiven zu \u00f6ffnen und sie auf diesem Weg zu unterst\u00fctzen.\u00a0Ph\u00f6nixe leiten neue universelle Impulse in die K\u00f6rper und K\u00f6rperteile. Dadurch werden alte Muster im K\u00f6rper ausgesp\u00fclt durchlichtet und neue Impulse aktiv. Sie beschleunigen und erleichtern so den inneren und k\u00f6rperlichen Wandel.<\/p>\n<p>&nbsp;<\/p>\n<p><img loading=\"lazy\" decoding=\"async\" class=\" alignright\" src=\"https:\/\/brandan.ch\/slider\/brandan\/slider_start_haende.png\" width=\"397\" height=\"147\" \/>Im Seminar wirst Du an deine schlummernden F\u00e4higkeiten gef\u00fchrt und mit Deiner Wissensbibliothek verbunden. . Dabei k\u00f6nnen sich alte Hindernisse in Dir l\u00f6sen und M\u00f6glichkeiten und Potentiale in Dir frei werden, die bisher verborgen in Dir geschlummert haben. Die tiefe Transformationskraft die sich dabei zeigt, kannst du auch im Alltag f\u00fcr Dich und anderen ben\u00fctzen.<\/p>\n<p>&nbsp;<\/p>\n<p><a href=\"https:\/\/coach.brandan.ch\/\" target=\"_blank\" rel=\"noopener\">Mehr zu den heilerischen Workshops findest Du hier.<\/a><\/p>\n","protected":false},"excerpt":{"rendered":"<p>Die Ph\u00f6nix Coaches &#8211; Das Wissen im Kristall-Herz &nbsp; Hast Du den Wunsch andere Menschen in ihrer Pers\u00f6nlichkeit und ihrem Sein zu unterst\u00fctzen ? Im Workshop lernst Du viele M\u00f6glichkeiten diesen Wunsch im Alltag zu leben. &nbsp; Die Ph\u00f6nix Coaches tragen ein tiefes heilerisches Wissen in sich. Dieses Wissen hilft\u2026<\/p>\n<p class=\"continue-reading-button\"> <a class=\"continue-reading-link\" href=\"https:\/\/brandan.ch\/wordpress\/?page_id=4403\">Weiter lesen<i class=\"crycon-right-dir\"><\/i><\/a><\/p>\n","protected":false},"author":1,"featured_media":0,"parent":3781,"menu_order":0,"comment_status":"closed","ping_status":"closed","template":"","meta":{"footnotes":""},"class_list":["post-4403","page","type-page","status-publish","hentry"],"_links":{"self":[{"href":"https:\/\/brandan.ch\/wordpress\/index.php?rest_route=\/wp\/v2\/pages\/4403","targetHints":{"allow":["GET"]}}],"collection":[{"href":"https:\/\/brandan.ch\/wordpress\/index.php?rest_route=\/wp\/v2\/pages"}],"about":[{"href":"https:\/\/brandan.ch\/wordpress\/index.php?rest_route=\/wp\/v2\/types\/page"}],"author":[{"embeddable":true,"href":"https:\/\/brandan.ch\/wordpress\/index.php?rest_route=\/wp\/v2\/users\/1"}],"replies":[{"embeddable":true,"href":"https:\/\/brandan.ch\/wordpress\/index.php?rest_route=%2Fwp%2Fv2%2Fcomments&post=4403"}],"version-history":[{"count":7,"href":"https:\/\/brandan.ch\/wordpress\/index.php?rest_route=\/wp\/v2\/pages\/4403\/revisions"}],"predecessor-version":[{"id":4564,"href":"https:\/\/brandan.ch\/wordpress\/index.php?rest_route=\/wp\/v2\/pages\/4403\/revisions\/4564"}],"up":[{"embeddable":true,"href":"https:\/\/brandan.ch\/wordpress\/index.php?rest_route=\/wp\/v2\/pages\/3781"}],"wp:attachment":[{"href":"https:\/\/brandan.ch\/wordpress\/index.php?rest_route=%2Fwp%2Fv2%2Fmedia&parent=4403"}],"curies":[{"name":"wp","href":"https:\/\/api.w.org\/{rel}","templated":true}]}}