{"id":4428,"date":"2024-07-13T19:23:08","date_gmt":"2024-07-13T17:23:08","guid":{"rendered":"https:\/\/brandan.ch\/wordpress\/?page_id=4428"},"modified":"2025-07-01T16:44:27","modified_gmt":"2025-07-01T14:44:27","slug":"workshops-klein","status":"publish","type":"page","link":"https:\/\/brandan.ch\/wordpress\/?page_id=4428","title":{"rendered":"Workshops klein"},"content":{"rendered":"<h1>Workshops zum kennen lernen<\/h1>\n<p>&nbsp;<\/p>\n<p>In diversen Kurzworkshops erm\u00f6gliche ich. die Energien kennen zu lernen. Sie k\u00f6nnen individuell &#8211; entweder in Gruppen oder einzeln &#8211; durhgef\u00fchrt werden. <a href=\"https:\/\/coach.brandan.ch\/?page_id=61\" target=\"_blank\" rel=\"noopener\">Hier findest Du ein paar Beispiele<\/a> der M\u00f6glichkeiten:<\/p>\n<p>&nbsp;<\/p>\n<p>&nbsp;<\/p>\n","protected":false},"excerpt":{"rendered":"<p>Workshops zum kennen lernen &nbsp; In diversen Kurzworkshops erm\u00f6gliche ich. die Energien kennen zu lernen. Sie k\u00f6nnen individuell &#8211; entweder in Gruppen oder einzeln &#8211; durhgef\u00fchrt werden. Hier findest Du ein paar Beispiele der M\u00f6glichkeiten: &nbsp; &nbsp;<\/p>\n<p class=\"continue-reading-button\"> <a class=\"continue-reading-link\" href=\"https:\/\/brandan.ch\/wordpress\/?page_id=4428\">Weiter lesen<i class=\"crycon-right-dir\"><\/i><\/a><\/p>\n","protected":false},"author":1,"featured_media":0,"parent":3781,"menu_order":0,"comment_status":"closed","ping_status":"closed","template":"","meta":{"footnotes":""},"class_list":["post-4428","page","type-page","status-publish","hentry"],"_links":{"self":[{"href":"https:\/\/brandan.ch\/wordpress\/index.php?rest_route=\/wp\/v2\/pages\/4428","targetHints":{"allow":["GET"]}}],"collection":[{"href":"https:\/\/brandan.ch\/wordpress\/index.php?rest_route=\/wp\/v2\/pages"}],"about":[{"href":"https:\/\/brandan.ch\/wordpress\/index.php?rest_route=\/wp\/v2\/types\/page"}],"author":[{"embeddable":true,"href":"https:\/\/brandan.ch\/wordpress\/index.php?rest_route=\/wp\/v2\/users\/1"}],"replies":[{"embeddable":true,"href":"https:\/\/brandan.ch\/wordpress\/index.php?rest_route=%2Fwp%2Fv2%2Fcomments&post=4428"}],"version-history":[{"count":11,"href":"https:\/\/brandan.ch\/wordpress\/index.php?rest_route=\/wp\/v2\/pages\/4428\/revisions"}],"predecessor-version":[{"id":4641,"href":"https:\/\/brandan.ch\/wordpress\/index.php?rest_route=\/wp\/v2\/pages\/4428\/revisions\/4641"}],"up":[{"embeddable":true,"href":"https:\/\/brandan.ch\/wordpress\/index.php?rest_route=\/wp\/v2\/pages\/3781"}],"wp:attachment":[{"href":"https:\/\/brandan.ch\/wordpress\/index.php?rest_route=%2Fwp%2Fv2%2Fmedia&parent=4428"}],"curies":[{"name":"wp","href":"https:\/\/api.w.org\/{rel}","templated":true}]}}