{"id":4484,"date":"2024-10-27T07:27:27","date_gmt":"2024-10-27T06:27:27","guid":{"rendered":"https:\/\/brandan.ch\/wordpress\/?page_id=4484"},"modified":"2024-12-31T16:12:08","modified_gmt":"2024-12-31T15:12:08","slug":"gartengestaltung","status":"publish","type":"page","link":"https:\/\/brandan.ch\/wordpress\/?page_id=4484","title":{"rendered":"Gartengestaltung"},"content":{"rendered":"<h1><img loading=\"lazy\" decoding=\"async\" class=\"alignleft\" src=\"https:\/\/brandan.ch\/logos\/logo_kristall_schamanen.png\" width=\"143\" height=\"140\" \/>Traumg\u00e4rten \/ Seeleng\u00e4rten \/ schamanische G\u00e4rten zum Wohlf\u00fchlen<\/h1>\n<p>&nbsp;<\/p>\n<p>Ein Garten ist ein komplexes Gebilde aus sichtbaren und unsichbaren Elementen. Neben den sichtbaren (wie Pflanzen usw) sind viele unsichtbare Energien vorhanden. Der Kreislauf der 5 Elemente, der Meridiane und der Chakren bildet zusamenn mit den Naturwesen und verschiedenen speziellen Kraftpl\u00e4tzen ein unsichtbares Netz. Dieses Netz beeinflusst das Wohlf\u00fchlen im Garten und und beeinflusst die allgemeine Gesundheit. Alle Pflanzen die darin wachsen sind mit diesem Netz verbunden.<\/p>\n<p>&nbsp;<\/p>\n<p><img loading=\"lazy\" decoding=\"async\" class=\"alignleft\" src=\"https:\/\/brandan.ch\/garten\/bild_kartoffel.jpg\" width=\"225\" height=\"300\" \/>Mit verschiedenen M\u00f6glichkeiten helfen wir dabei eine optimale Kombination zu finden und dieses Netz zu aktivieren. Dabei achten wir darauf, dass alle Pflanzen in Harmonie mit den verschiedenen Elementen, Chakren oder Kraftpl\u00e4tzen sind und sie sich gegenseitig unterst\u00fctzen. So werden zum Beispiel Chilis oder Peperonis mit Vorteil am Ort des Elementes \u201eFeuer\u201c angepflanzt.<\/p>\n<p>&nbsp;<\/p>\n<p>Aus verschiedenen Bereichen kombinieren wir unsere St\u00e4rken, so dass ein optimales Ganzhes entsteht.<\/p>\n<p>&nbsp;<\/p>\n<h4>Workshop<\/h4>\n<p>&nbsp;<\/p>\n<p>Im Workshop findest Du<\/p>\n<p>&nbsp;<\/p>\n<ul>\n<li>einen Kontakt zu Deinem schamanischen Seelenwissen<\/li>\n<li>M\u00f6glichkeiten zur Feststellung von verschiedenen Energieebenen (Chakren, Elemente, Meridiane, Kraftpl\u00e4tze)<\/li>\n<li>M\u00f6glichkeiten zur Kommunikation mit Naturwesen und ihren Pl\u00e4tzen<\/li>\n<li>M\u00f6glichkeiten der Pflanzenkommunikation und Reinigung \/ Heilung der Pflanzen von Altlasten<\/li>\n<li>M\u00f6glichkeiten des Aktivierung von Energiepunkten und Energiebahnen<\/li>\n<\/ul>\n<p>&nbsp;<\/p>\n<p>Der Workshop dauert ca 4 Tage, verteilt auf 2 Wochenenden<\/p>\n<p>&nbsp;<\/p>\n<p>Hast Du Fragen ? Melde Dich, gerne stehe ich Dir f\u00fcr Ausk\u00fcnfte zur Verf\u00fcgung. Mehr Informationen findest Du auch auf der Gartenseite <a href=\"https:\/\/garten.brandan.ch\/\" target=\"_blank\" rel=\"noopener\">https:\/\/garten.brandan.ch\/<\/a><\/p>\n","protected":false},"excerpt":{"rendered":"<p>Traumg\u00e4rten \/ Seeleng\u00e4rten \/ schamanische G\u00e4rten zum Wohlf\u00fchlen &nbsp; Ein Garten ist ein komplexes Gebilde aus sichtbaren und unsichbaren Elementen. Neben den sichtbaren (wie Pflanzen usw) sind viele unsichtbare Energien vorhanden. Der Kreislauf der 5 Elemente, der Meridiane und der Chakren bildet zusamenn mit den Naturwesen und verschiedenen speziellen Kraftpl\u00e4tzen\u2026<\/p>\n<p class=\"continue-reading-button\"> <a class=\"continue-reading-link\" href=\"https:\/\/brandan.ch\/wordpress\/?page_id=4484\">Weiter lesen<i class=\"crycon-right-dir\"><\/i><\/a><\/p>\n","protected":false},"author":1,"featured_media":0,"parent":2905,"menu_order":0,"comment_status":"closed","ping_status":"closed","template":"","meta":{"footnotes":""},"class_list":["post-4484","page","type-page","status-publish","hentry"],"_links":{"self":[{"href":"https:\/\/brandan.ch\/wordpress\/index.php?rest_route=\/wp\/v2\/pages\/4484","targetHints":{"allow":["GET"]}}],"collection":[{"href":"https:\/\/brandan.ch\/wordpress\/index.php?rest_route=\/wp\/v2\/pages"}],"about":[{"href":"https:\/\/brandan.ch\/wordpress\/index.php?rest_route=\/wp\/v2\/types\/page"}],"author":[{"embeddable":true,"href":"https:\/\/brandan.ch\/wordpress\/index.php?rest_route=\/wp\/v2\/users\/1"}],"replies":[{"embeddable":true,"href":"https:\/\/brandan.ch\/wordpress\/index.php?rest_route=%2Fwp%2Fv2%2Fcomments&post=4484"}],"version-history":[{"count":7,"href":"https:\/\/brandan.ch\/wordpress\/index.php?rest_route=\/wp\/v2\/pages\/4484\/revisions"}],"predecessor-version":[{"id":4557,"href":"https:\/\/brandan.ch\/wordpress\/index.php?rest_route=\/wp\/v2\/pages\/4484\/revisions\/4557"}],"up":[{"embeddable":true,"href":"https:\/\/brandan.ch\/wordpress\/index.php?rest_route=\/wp\/v2\/pages\/2905"}],"wp:attachment":[{"href":"https:\/\/brandan.ch\/wordpress\/index.php?rest_route=%2Fwp%2Fv2%2Fmedia&parent=4484"}],"curies":[{"name":"wp","href":"https:\/\/api.w.org\/{rel}","templated":true}]}}